{"id":2,"date":"2020-12-02T18:16:41","date_gmt":"2020-12-02T17:16:41","guid":{"rendered":"https:\/\/5qstandard.it\/?page_id=2"},"modified":"2021-05-19T20:15:25","modified_gmt":"2021-05-19T18:15:25","slug":"pagina-di-esempio","status":"publish","type":"page","link":"https:\/\/5qstandard.it\/","title":{"rendered":"Il marchio di Qualit\u00e0 sulla Formazione Professionale"},"content":{"rendered":"\r\n<section class=\"sh-section sh-section-2e7ad0957f4787d6223f51d92b6019c5 fw-main-row sh-section-visibility-everywhere\">\r\n\t\r\n\t\r\n\t<div class=\"sh-section-container container\">\r\n\t\t<div class=\"fw-row\">\n\t\r\n<div class=\"sh-column sh-column-c45ce106e5561e6928ae6a545ec4d142 fw-col-xs-12\" >\r\n\r\n\t\r\n\t<div class=\"sh-column-wrapper\">\r\n\t\t\r\n<div id=\"text-block-2456c07150eae1418df9a7e6546901fe\" class=\"sh-text-block\">\r\n\t<h1><span style=\"font-size: 21px;\">ACADEMY 5Q STANDARD LA CERTIFICAZIONE SULLA FORMAZIONE PROFESSIONALE<\/span><\/h1><p style=\"text-align: justify;\">Il Marchio <strong>ACADEMY 5Q STANDARD<\/strong> rappresenta la certificazione che i programmi formativi di una agenzia, e l'agenzia stessa, rispettino sia le indicazioni delle <strong>Certificazioni di Qualit\u00e0 Europee ISO sulla formazione professionale<\/strong> sia i <strong>Parametri di Qualit\u00e0<\/strong> che nessun'altro Ente, Nazionale o Internazionale \u00e8 in grado di tracciare e certificare. Pi\u00f9 in dettaglio il Marchio viene concesso in licenza solo alle agenzie di formazione professionali che hanno le seguenti caratteristiche:<\/p><\/div>\r\n\r\n<div id=\"text-block-2f2699e0a0cf5721acdb350ffd0fc079\" class=\"sh-text-block\">\r\n\t<ol><li style=\"text-align: justify;\"><strong><span style=\"font-size: 18px;\">Essere conformi e Certificati secondo la Norma di Qualit\u00e0 ISO 9001.<\/span><br \/><\/strong>Se un\u2019agenzia di formazione ha questa certificazione garantisce che l\u2019attivit\u00e0 lavora per pianificare, attuare, monitorare e migliorare sia i processi operativi che quelli di supporto, progettando e implementando il sistema di gestione qualit\u00e0 come mezzo per raggiungere gli obiettivi. Questa \u00e8 una buona garanzia per il consumatore che l'agenzia \u00e8 ben strutturata come risorse umane, processi produttivi e processi amministrativi.<\/li><li style=\"text-align: justify;\"><span style=\"font-size: 18px;\"><strong>Essere conformi e Certificati secondo la Norma di Qualit\u00e0 ISO 21001<\/strong><\/span><br \/>Se un\u2019agenzia di formazione ha questa certificazione garantisce che si sta adeguando allo Standard Internazionale di riferimento per la Formazione non formale, ossia per la formazione professionale. Questo implica avere rapporti con il mercato del lavoro e di conseguenza fare una formazione realmente mirata all\u2019inserimento lavorativo dell\u2019allievo. Implica non solo progettare i corsi in modo che siano realmente efficaci, ma anche monitorare lo stato di soddisfazione degli allievi durante e alla fine del percorso formativo, apportando costantemente modifiche ai programmi affich\u00e8 siano idonei ad una reale formazione che mira all'inserimento dell'allievo nel mercato del lavoro. La norma \u00e8 dedicata a tutti i Learning Services Providers che si occupano di formazione, sia essa formazione professionale, linguistica o tecnica.<\/li><li style=\"text-align: justify;\"><strong><span style=\"font-size: 18px;\">Applicare ai percorsi formativi un sistema DUALE<\/span><br \/><\/strong>Questo aspetto della formazione, come da indicazioni specifiche del <span style=\"color: #0000ff;\"><strong><a style=\"color: #0000ff;\" href=\"http:\/\/www.sistemaduale.anpal.gov.it\/Pagine\/default.aspx\" target=\"_blank\" rel=\"noopener\">Ministero<\/a><\/strong><\/span>, \u00e8 volto a stimolare l\u2019inserimento degli allievi in tirocini curriculari, passo ritenuto dal Governo Italiano, e dall\u2019Europa, come elemento essenziale per un reale apprendimento delle dinamiche di una professione.<\/li><li style=\"text-align: justify;\"><span style=\"font-size: 18px;\"><strong>Facilitare l\u2019inserimento dell\u2019allievo nel mercato del lavoro<\/strong><\/span><br \/>Un\u2019agenzia di formazione che, pur non essendo una agenzia del lavoro, crea i presupposti corretti affinch\u00e8 gli allievi siano selezionati per reali posti di lavoro, sta interamente perseguendo il suo Scopo Etico, la finalit\u00e0 per la quale eroga corsi di formazione professionale.<\/li><li style=\"text-align: justify;\"><strong><span style=\"font-size: 18px;\">Avere risultati monitorati dell\u2019efficacia della formazione<\/span><br \/><\/strong>L\u2019agenzia di formazione deve avere un\u2019ampia case history dei risultati realmente ottenuti dagli allievi al termine del percorso formativo. Questo significa in sostanza che deve poter dimostrare che dopo la formazione gli allievi si sono effettivamente collocati nel mercato del lavoro relativo al percorso di studi effettuato.<\/li><\/ol><\/div>\r\n\t<\/div>\r\n\r\n\r\n\t\t\r\n\r\n<\/div>\r\n<\/div>\n\n<div class=\"fw-row\">\n\t\r\n<div class=\"sh-column sh-column-000f5d7f1efacb00e6d51ca8418258ee fw-col-xs-12\" >\r\n\r\n\t\r\n\t<div class=\"sh-column-wrapper\">\r\n\t\t\r\n<div id=\"text-block-73eb888906bcd3f3cf4b86ffc6ed0dca\" class=\"sh-text-block\">\r\n\t<h2 style=\"text-align: justify;\"><span style=\"font-size: 18px;\"><strong>PERCHE' UNO STANDARD DI QUALITA' SULLA FORMAZIONE PROFESSIONALE<\/strong><\/span><\/h2><p style=\"text-align: justify;\"><strong>La formazione professionale in Italia \u00e8 un mondo vasto e spesso poco chiaro.<\/strong> Alla base del concetto di \"Formazione Professionale\" c'\u00e8 il chiaro intento di promuovere una formazione finalizzata a <strong>creare individui abili ad intraprendere una professione<\/strong>. Ma l'intento \u00e8 l'unica cosa ad essere semplice nel dedalo delle diversit\u00e0 della formazione in Italia.<\/p><p style=\"text-align: justify;\">La logica e il buonsenso, oltre a svariate indicazioni degli standard ISO Europei, indicano la sequenza di<strong> Business Project Management<\/strong> che dovrebbe stare dietro ad ogni Corso di Formazione Professionale:<\/p><ol><li style=\"text-align: justify;\"><strong>Il mercato del lavoro deve avere una richiesta specifica<\/strong> di personale qualificato per uno specifico settore.<\/li><li style=\"text-align: justify;\"><strong>Lo stesso mercato del lavoro stabilisce le caratteristiche minime che la figura professionale<\/strong> deve avere per poter entrare con profitto nel mondo del lavoro.<\/li><li style=\"text-align: justify;\">Queste caratteristiche sono suddivise in:<br \/><strong>CONOSCENZA<\/strong><br \/>Le nozioni necessarie ad avere consapevolezza e padronanza di una materia per trovare soluzioni.<br \/><strong>ABILITA\u2019<\/strong><br \/>La capacit\u00e0 di ottenere buoni prodotti da una particolare forma di attivit\u00e0, con contenuti sia intellettuali che pratici.<br \/><strong>COMPETENZA<\/strong><br \/>Un agire in maniera volutamente responsabile, secondo criteri e variabili, adattabili in base alle esigenze.<\/li><li style=\"text-align: justify;\"><strong>Viene progettato un piano educativo<\/strong> che porti un individuo al raggiungimento di suddette caratteristiche, con un imperativo utilizzo del <span style=\"color: #0000ff;\"><strong><a style=\"color: #0000ff;\" href=\"https:\/\/www.lavoro.gov.it\/temi-e-priorita\/orientamento-e-formazione\/focus-on\/Sistema-duale\/Pagine\/default.aspx#:~:text=Il%20duale%20%C3%A8%20una%20modalit%C3%A0,il%20mondo%20del%20lavoro%20per\" target=\"_blank\" rel=\"noopener\">sistema duale<\/a><\/strong><\/span>.<\/li><li style=\"text-align: justify;\"><strong>Il piano educativo viene essere approvato dai rappresentanti del mercato del lavoro<\/strong> e costantemente aggiornato sulla base del cambiamento del mercato del lavoro.<\/li><li style=\"text-align: justify;\"><strong>Il piano educativo viene consegnato come Corso di Formazione da Enti di Formazione in grado di rispettare in toto le indicazioni<\/strong> del piano educativo in modo da raggiungere gli obiettivi prefissati con la maggior parte dei partecipanti al corso di formazione.<\/li><li style=\"text-align: justify;\"><strong>Prima di poter ricevere la Qualifica Professionale il soggetto viene sottoposto a verifica imparziale<\/strong> sul raggiungimento delle Conoscenze, Abilit\u00e0 e Competenze previste dal piano educative.<\/li><li style=\"text-align: justify;\"><strong>Lo stesso Ente di Formazione, o i suoi partner, favoriscono l'incontro tra il neo formato professionista e il mondo del lavoro.<\/strong><\/li><\/ol><\/div>\r\n\t<\/div>\r\n\r\n\r\n\t\t\r\n\r\n<\/div>\r\n<\/div>\n\n<div class=\"fw-row\">\n\t\r\n<div class=\"sh-column sh-column-a3d8de43ad2aedeea572a84946c9e878 fw-col-xs-12\" >\r\n\r\n\t\r\n\t<div class=\"sh-column-wrapper\">\r\n\t\t\r\n<div id=\"text-block-511de59c78579b1a840f15dd0101cbfe\" class=\"sh-text-block\">\r\n\t<h2 style=\"text-align: justify;\"><span style=\"font-size: 18px;\"><strong>LA CONFUSIONE DELLO STUDENTE<\/strong><\/span><\/h2><p style=\"text-align: justify;\"><strong>Dalle molte indagini di mercato effettuate a partire dal 2017, \u00e8 emerso un quadro di dubbio e incertezza da parte dell'utente in cerca di un corso di formazione professionale. <\/strong><\/p><p style=\"text-align: justify;\">L'utente pu\u00f2 trovarsi di fronte ad un'offerta di Formazione Professionale fin troppo variegata e con differenze notevoli anche per la stessa figura professionale. <strong>Le differenze possono essere sensibili per monte orario, percorso formativo, prezzo<\/strong>. Inoltre il web offre l'opportunit\u00e0 alle agenzie di promuovere i corsi con frasi ad effetto persuasive <em><strong>di cui \u00e8 difficile poter stabilire la veridicit\u00e0<\/strong><\/em>.<\/p><\/div>\r\n\t<\/div>\r\n\r\n\r\n\t\t\r\n\r\n<\/div>\r\n<\/div>\n\n<div class=\"fw-row\">\n\t\r\n<div class=\"sh-column sh-column-3f2e6ade58b4a3d515f328fdefc6a155 fw-col-xs-12\" >\r\n\r\n\t\r\n\t<div class=\"sh-column-wrapper\">\r\n\t\t\r\n<div id=\"text-block-10256df59eef314ea35015eb04d7c7f2\" class=\"sh-text-block\">\r\n\t<h2 style=\"text-align: justify;\"><span style=\"font-size: 18px;\"><strong>COSA CERTIFICA IL MARCHIO<\/strong><\/span><\/h2><p style=\"text-align: justify;\">Purtroppo la legge in Italia permette a chiunque di aprire una agenzia di formazione professionale, magari dal nome altisonante, e mettersi a vendere dall'oggi al domani corsi di formazione. <strong>I 5 punti chiave indicati in premessa, e la concessione del Marchio Academy 5Q Standard<\/strong>, vogliono indicare al pubblico che l'agenzia di formazione sta <strong><em>effettivamente investendo per portare l'allievo nel mercato del lavoro<\/em><\/strong> e lo fa seguendo gli standard stabiliti dallo stesso mercato del lavoro, Governo Italiano e dalla Comunit\u00e0 Europea.<\/p><p style=\"text-align: justify;\"><\/div>\r\n\t<\/div>\r\n\r\n\r\n\t\t\r\n\r\n<\/div>\r\n<\/div>\n\n\t<\/div>\r\n<\/section>\r\n\n","protected":false},"excerpt":{"rendered":"<p>ACADEMY 5Q STANDARD LA CERTIFICAZIONE SULLA FORMAZIONE PROFESSIONALEIl Marchio ACADEMY 5Q STANDARD rappresenta la certificazione che i programmi formativi di una agenzia, e l&#8217;agenzia stessa, rispettino sia le indicazioni delle Certificazioni di Qualit\u00e0 Europee ISO sulla formazione professionale sia i Parametri di Qualit\u00e0 che nessun&#8217;altro&#8230;<\/p>\n","protected":false},"author":1,"featured_media":0,"parent":0,"menu_order":0,"comment_status":"closed","ping_status":"open","template":"","meta":[],"amp_enabled":false,"_links":{"self":[{"href":"https:\/\/5qstandard.it\/index.php?rest_route=\/wp\/v2\/pages\/2"}],"collection":[{"href":"https:\/\/5qstandard.it\/index.php?rest_route=\/wp\/v2\/pages"}],"about":[{"href":"https:\/\/5qstandard.it\/index.php?rest_route=\/wp\/v2\/types\/page"}],"author":[{"embeddable":true,"href":"https:\/\/5qstandard.it\/index.php?rest_route=\/wp\/v2\/users\/1"}],"replies":[{"embeddable":true,"href":"https:\/\/5qstandard.it\/index.php?rest_route=%2Fwp%2Fv2%2Fcomments&post=2"}],"version-history":[{"count":15,"href":"https:\/\/5qstandard.it\/index.php?rest_route=\/wp\/v2\/pages\/2\/revisions"}],"predecessor-version":[{"id":43,"href":"https:\/\/5qstandard.it\/index.php?rest_route=\/wp\/v2\/pages\/2\/revisions\/43"}],"wp:attachment":[{"href":"https:\/\/5qstandard.it\/index.php?rest_route=%2Fwp%2Fv2%2Fmedia&parent=2"}],"curies":[{"name":"wp","href":"https:\/\/api.w.org\/{rel}","templated":true}]}}

Il marchio di Qualità sulla Formazione Professionale

<section class="sh-section sh-section-2e7ad0957f4787d6223f51d92b6019c5 fw-main-row sh-section-visibility-everywhere">
	
	
	<div class="sh-section-container container">
		<div class="fw-row">
	
<div class="sh-column sh-column-c45ce106e5561e6928ae6a545ec4d142 fw-col-xs-12" >

	
	<div class="sh-column-wrapper">
		
<div id="text-block-2456c07150eae1418df9a7e6546901fe" class="sh-text-block">
	<h1><span style="font-size: 21px;">ACADEMY 5Q STANDARD LA CERTIFICAZIONE SULLA FORMAZIONE PROFESSIONALE</span></h1><p style="text-align: justify;">Il Marchio <strong>ACADEMY 5Q STANDARD</strong> rappresenta la certificazione che i programmi formativi di una agenzia, e l'agenzia stessa, rispettino sia le indicazioni delle <strong>Certificazioni di Qualità Europee ISO sulla formazione professionale</strong> sia i <strong>Parametri di Qualità</strong> che nessun'altro Ente, Nazionale o Internazionale è in grado di tracciare e certificare. Più in dettaglio il Marchio viene concesso in licenza solo alle agenzie di formazione professionali che hanno le seguenti caratteristiche:</p></div>

<div id="text-block-2f2699e0a0cf5721acdb350ffd0fc079" class="sh-text-block">
	<ol><li style="text-align: justify;"><strong><span style="font-size: 18px;">Essere conformi e Certificati secondo la Norma di Qualità ISO 9001.</span><br /></strong>Se un’agenzia di formazione ha questa certificazione garantisce che l’attività lavora per pianificare, attuare, monitorare e migliorare sia i processi operativi che quelli di supporto, progettando e implementando il sistema di gestione qualità come mezzo per raggiungere gli obiettivi. Questa è una buona garanzia per il consumatore che l'agenzia è ben strutturata come risorse umane, processi produttivi e processi amministrativi.</li><li style="text-align: justify;"><span style="font-size: 18px;"><strong>Essere conformi e Certificati secondo la Norma di Qualità ISO 21001</strong></span><br />Se un’agenzia di formazione ha questa certificazione garantisce che si sta adeguando allo Standard Internazionale di riferimento per la Formazione non formale, ossia per la formazione professionale. Questo implica avere rapporti con il mercato del lavoro e di conseguenza fare una formazione realmente mirata all’inserimento lavorativo dell’allievo. Implica non solo progettare i corsi in modo che siano realmente efficaci, ma anche monitorare lo stato di soddisfazione degli allievi durante e alla fine del percorso formativo, apportando costantemente modifiche ai programmi affichè siano idonei ad una reale formazione che mira all'inserimento dell'allievo nel mercato del lavoro. La norma è dedicata a tutti i Learning Services Providers che si occupano di formazione, sia essa formazione professionale, linguistica o tecnica.</li><li style="text-align: justify;"><strong><span style="font-size: 18px;">Applicare ai percorsi formativi un sistema DUALE</span><br /></strong>Questo aspetto della formazione, come da indicazioni specifiche del <span style="color: #0000ff;"><strong><a style="color: #0000ff;" href="http://www.sistemaduale.anpal.gov.it/Pagine/default.aspx" target="_blank" rel="noopener">Ministero</a></strong></span>, è volto a stimolare l’inserimento degli allievi in tirocini curriculari, passo ritenuto dal Governo Italiano, e dall’Europa, come elemento essenziale per un reale apprendimento delle dinamiche di una professione.</li><li style="text-align: justify;"><span style="font-size: 18px;"><strong>Facilitare l’inserimento dell’allievo nel mercato del lavoro</strong></span><br />Un’agenzia di formazione che, pur non essendo una agenzia del lavoro, crea i presupposti corretti affinchè gli allievi siano selezionati per reali posti di lavoro, sta interamente perseguendo il suo Scopo Etico, la finalità per la quale eroga corsi di formazione professionale.</li><li style="text-align: justify;"><strong><span style="font-size: 18px;">Avere risultati monitorati dell’efficacia della formazione</span><br /></strong>L’agenzia di formazione deve avere un’ampia case history dei risultati realmente ottenuti dagli allievi al termine del percorso formativo. Questo significa in sostanza che deve poter dimostrare che dopo la formazione gli allievi si sono effettivamente collocati nel mercato del lavoro relativo al percorso di studi effettuato.</li></ol></div>
	</div>


		

</div>
</div>

<div class="fw-row">
	
<div class="sh-column sh-column-000f5d7f1efacb00e6d51ca8418258ee fw-col-xs-12" >

	
	<div class="sh-column-wrapper">
		
<div id="text-block-73eb888906bcd3f3cf4b86ffc6ed0dca" class="sh-text-block">
	<h2 style="text-align: justify;"><span style="font-size: 18px;"><strong>PERCHE' UNO STANDARD DI QUALITA' SULLA FORMAZIONE PROFESSIONALE</strong></span></h2><p style="text-align: justify;"><strong>La formazione professionale in Italia è un mondo vasto e spesso poco chiaro.</strong> Alla base del concetto di "Formazione Professionale" c'è il chiaro intento di promuovere una formazione finalizzata a <strong>creare individui abili ad intraprendere una professione</strong>. Ma l'intento è l'unica cosa ad essere semplice nel dedalo delle diversità della formazione in Italia.</p><p style="text-align: justify;">La logica e il buonsenso, oltre a svariate indicazioni degli standard ISO Europei, indicano la sequenza di<strong> Business Project Management</strong> che dovrebbe stare dietro ad ogni Corso di Formazione Professionale:</p><ol><li style="text-align: justify;"><strong>Il mercato del lavoro deve avere una richiesta specifica</strong> di personale qualificato per uno specifico settore.</li><li style="text-align: justify;"><strong>Lo stesso mercato del lavoro stabilisce le caratteristiche minime che la figura professionale</strong> deve avere per poter entrare con profitto nel mondo del lavoro.</li><li style="text-align: justify;">Queste caratteristiche sono suddivise in:<br /><strong>CONOSCENZA</strong><br />Le nozioni necessarie ad avere consapevolezza e padronanza di una materia per trovare soluzioni.<br /><strong>ABILITA’</strong><br />La capacità di ottenere buoni prodotti da una particolare forma di attività, con contenuti sia intellettuali che pratici.<br /><strong>COMPETENZA</strong><br />Un agire in maniera volutamente responsabile, secondo criteri e variabili, adattabili in base alle esigenze.</li><li style="text-align: justify;"><strong>Viene progettato un piano educativo</strong> che porti un individuo al raggiungimento di suddette caratteristiche, con un imperativo utilizzo del <span style="color: #0000ff;"><strong><a style="color: #0000ff;" href="https://www.lavoro.gov.it/temi-e-priorita/orientamento-e-formazione/focus-on/Sistema-duale/Pagine/default.aspx#:~:text=Il%20duale%20%C3%A8%20una%20modalit%C3%A0,il%20mondo%20del%20lavoro%20per" target="_blank" rel="noopener">sistema duale</a></strong></span>.</li><li style="text-align: justify;"><strong>Il piano educativo viene essere approvato dai rappresentanti del mercato del lavoro</strong> e costantemente aggiornato sulla base del cambiamento del mercato del lavoro.</li><li style="text-align: justify;"><strong>Il piano educativo viene consegnato come Corso di Formazione da Enti di Formazione in grado di rispettare in toto le indicazioni</strong> del piano educativo in modo da raggiungere gli obiettivi prefissati con la maggior parte dei partecipanti al corso di formazione.</li><li style="text-align: justify;"><strong>Prima di poter ricevere la Qualifica Professionale il soggetto viene sottoposto a verifica imparziale</strong> sul raggiungimento delle Conoscenze, Abilità e Competenze previste dal piano educative.</li><li style="text-align: justify;"><strong>Lo stesso Ente di Formazione, o i suoi partner, favoriscono l'incontro tra il neo formato professionista e il mondo del lavoro.</strong></li></ol></div>
	</div>


		

</div>
</div>

<div class="fw-row">
	
<div class="sh-column sh-column-a3d8de43ad2aedeea572a84946c9e878 fw-col-xs-12" >

	
	<div class="sh-column-wrapper">
		
<div id="text-block-511de59c78579b1a840f15dd0101cbfe" class="sh-text-block">
	<h2 style="text-align: justify;"><span style="font-size: 18px;"><strong>LA CONFUSIONE DELLO STUDENTE</strong></span></h2><p style="text-align: justify;"><strong>Dalle molte indagini di mercato effettuate a partire dal 2017, è emerso un quadro di dubbio e incertezza da parte dell'utente in cerca di un corso di formazione professionale. </strong></p><p style="text-align: justify;">L'utente può trovarsi di fronte ad un'offerta di Formazione Professionale fin troppo variegata e con differenze notevoli anche per la stessa figura professionale. <strong>Le differenze possono essere sensibili per monte orario, percorso formativo, prezzo</strong>. Inoltre il web offre l'opportunità alle agenzie di promuovere i corsi con frasi ad effetto persuasive <em><strong>di cui è difficile poter stabilire la veridicità</strong></em>.</p></div>
	</div>


		

</div>
</div>

<div class="fw-row">
	
<div class="sh-column sh-column-3f2e6ade58b4a3d515f328fdefc6a155 fw-col-xs-12" >

	
	<div class="sh-column-wrapper">
		
<div id="text-block-10256df59eef314ea35015eb04d7c7f2" class="sh-text-block">
	<h2 style="text-align: justify;"><span style="font-size: 18px;"><strong>COSA CERTIFICA IL MARCHIO</strong></span></h2><p style="text-align: justify;">Purtroppo la legge in Italia permette a chiunque di aprire una agenzia di formazione professionale, magari dal nome altisonante, e mettersi a vendere dall'oggi al domani corsi di formazione. <strong>I 5 punti chiave indicati in premessa, e la concessione del Marchio Academy 5Q Standard</strong>, vogliono indicare al pubblico che l'agenzia di formazione sta <strong><em>effettivamente investendo per portare l'allievo nel mercato del lavoro</em></strong> e lo fa seguendo gli standard stabiliti dallo stesso mercato del lavoro, Governo Italiano e dalla Comunità Europea.</p><p style="text-align: justify;"></div>
	</div>


		

</div>
</div>

	</div>
</section>

<p>ACADEMY 5Q STANDARD LA CERTIFICAZIONE SULLA FORMAZIONE PROFESSIONALEIl Marchio ACADEMY 5Q STANDARD rappresenta la certificazione che i programmi formativi di una agenzia, e l&#8217;agenzia stessa, rispettino sia le indicazioni delle Certificazioni di Qualità Europee ISO sulla formazione professionale sia i Parametri di Qualità che nessun&#8217;altro&#8230;</p>
